me factors of 666?
2, 3, 37
List the prime factors of 73419.
3, 24473
List the prime factors of 10238.
2, 5119
What are the prime factors of 55692?
2, 3, 7, 13, 17
What are the prime factors of 36309?
3, 7, 13, 19
List the prime factors of 2791.
2791
What are the prime factors of 2552?
2, 11, 29
List the prime factors of 1828.
2, 457
List the prime factors of 11679.
3, 17, 229
List the prime factors of 61196.
2, 15299
What are the prime factors of 39644?
2, 11, 17, 53
List the prime factors of 101217.
3, 33739
What are the prime factors of 8048?
2, 503
What are the prime factors of 34200?
2, 3, 5, 19
What are the prime factors of 1402?
2, 701
List the prime factors of 242.
2, 11
What are the prime factors of 9920?
2, 5, 31
List the prime factors of 32664.
2, 3, 1361
List the prime factors of 35670.
2, 3, 5, 29, 41
What are the prime factors of 642?
2, 3, 107
List the prime factors of 44883.
3, 4987
What are the prime factors of 2079?
3, 7, 11
What are the prime factors of 820?
2, 5, 41
List the prime factors of 63307.
29, 37, 59
What are the prime factors of 4867?
31, 157
List the prime factors of 9167.
89, 103
List the prime factors of 25763.
25763
List the prime factors of 21125.
5, 13
What are the prime factors of 6351?
3, 29, 73
What are the prime factors of 2446?
2, 1223
List the prime factors of 854.
2, 7, 61
List the prime factors of 6202.
2, 7, 443
List the prime factors of 939.
3, 313
List the prime factors of 2538.
2, 3, 47
What are the prime factors of 3653?
13, 281
What are the prime factors of 24919?
24919
What are the prime factors of 8850?
2, 3, 5, 59
List the prime factors of 41909.
7, 5987
What are the prime factors of 153160?
2, 5, 7, 547
List the prime factors of 1082.
2, 541
What are the prime factors of 2859?
3, 953
List the prime factors of 8183.
7, 167
List the prime factors of 1241.
17, 73
What are the prime factors of 79707?
3, 163
List the prime factors of 7525.
5, 7, 43
List the prime factors of 875.
5, 7
What are the prime factors of 15771?
3, 7, 751
List the prime factors of 63811.
11, 5801
List the prime factors of 11315.
5, 31, 73
What are the prime factors of 4174?
2, 2087
List the prime factors of 23304.
2, 3, 971
List the prime factors of 20935.
5, 53, 79
What are the prime factors of 1130?
2, 5, 113
List the prime factors of 712.
2, 89
List the prime factors of 1766.
2, 883
List the prime factors of 20485.
5, 17, 241
What are the prime factors of 1265?
5, 11, 23
What are the prime factors of 118574?
2, 101, 587
List the prime factors of 664.
2, 83
What are the prime factors of 9006?
2, 3, 19, 79
What are the prime factors of 2103?
3, 701
List the prime factors of 67417.
7, 9631
What are the prime factors of 44861?
113, 397
List the prime factors of 47507.
47507
What are the prime factors of 14419?
14419
What are the prime factors of 916?
2, 229
List the prime factors of 2102.
2, 1051
List the prime factors of 1965.
3, 5, 131
List the prime factors of 48441.
3, 67, 241
What are the prime factors of 8894?
2, 4447
List the prime factors of 606.
2, 3, 101
What are the prime factors of 1249?
1249
List the prime factors of 8697.
3, 13, 223
List the prime factors of 23247.
3, 7, 41
What are the prime factors of 5421?
3, 13, 139
List the prime factors of 58338.
2, 3, 7, 463
List the prime factors of 3084.
2, 3, 257
What are the prime factors of 75783?
3, 25261
List the prime factors of 1988.
2, 7, 71
List the prime factors of 196.
2, 7
What are the prime factors of 1236?
2, 3, 103
List the prime factors of 26181.
3, 2909
What are the prime factors of 7367?
53, 139
List the prime factors of 40.
2, 5
List the prime factors of 2543.
2543
What are the prime factors of 2259?
3, 251
List the prime factors of 173.
173
What are the prime factors of 2582?
2, 1291
List the prime factors of 1973.
1973
List the prime factors of 3998.
2, 1999
What are the prime factors of 1618?
2, 809
What are the prime factors of 5056?
2, 79
What are the prime factors of 160?
2, 5
List the prime factors of 13838.
2, 11, 17, 37
What are the prime factors of 2877?
3, 7, 137
List the prime factors of 6078.
2, 3, 1013
List the prime factors of 3513.
3, 1171
List the prime factors of 13086.
2, 3, 727
What are the prime factors of 4512?
2, 3, 47
What are the prime factors of 31492?
2, 7873
List the prime factors of 4225.
5, 13
What are the prime factors of 3972?
2, 3, 331
What are the prime factors of 8325?
3, 5, 37
List the prime factors of 5108.
2, 1277
List the prime factors of 183674.
2, 91837
What are the prime factors of 8632?
2, 13, 83
List the prime factors of 18345.
3, 5, 1223
List the prime factors of 97314.
2, 3, 7, 331
What are the prime factors of 18225?
3, 5
List the prime factors of 72171.
3, 11
List the prime factors of 34857.
3, 1291
What are the prime factors of 13632?
2, 3, 71
List the prime factors of 32851.
7, 13, 19
List the prime factors of 4241.
4241
List the prime factors of 8939.
7, 1277
List the prime factors of 22740.
2, 3, 5, 379
What are the prime factors of 3662?
2, 1831
List the prime factors of 3687.
3, 1229
List the prime factors of 15195.
3, 5, 1013
What are the prime factors of 444?
2, 3, 37
What are the prime factors of 71?
71
What are the prime factors of 29230?
2, 5, 37, 79
List the prime factors of 1735.
5, 347
What are the prime factors of 2972?
2, 743
What are the prime factors of 131519?
131519
What are the prime factors of 11369?
11369
What are the prime factors of 6217?
6217
What are the prime factors of 3114?
2, 3, 173
List the prime factors of 1759.
1759
List the prime factors of 104446.
2, 52223
What are the prime factors of 16498?
2, 73, 113
What are the prime factors of 16376?
2, 23, 89
What are the prime factors of 9717?
3, 41, 79
List the prime factors of 3395.
5, 7, 97
What are the prime factors of 60961?
60961
List the prime factors of 10461.
3, 11, 317
List the prime factors of 13148.
2, 19, 173
What are the prime factors of 10348?
2, 13, 199
List the prime factors of 4934.
2, 2467
List the prime factors of 752.
2, 47
What are the prime factors of 328?
2, 41
What are the prime factors of 12265?
5, 11, 223
What are the prime factors of 18719?
18719
What are the prime factors of 8577?
3, 953
What are the prime factors of 103?
103
List the prime factors of 25296.
2, 3, 17, 31
What are the prime factors of 2129?
2129
What are the prime factors of 18451?
18451
List the prime factors of 85147.
85147
What are the prime factors of 599?
599
List the prime factors of 2758.
2, 7, 197
What are the prime factors of 1530?
2, 3, 5, 17
What are the prime factors of 1360?
2, 5, 17
What are the prime factors of 62941?
113, 557
What are the prime factors of 53534?
2, 13, 29, 71
What are the prime factors of 2186?
2, 1093
What are the prime factors of 12768?
2, 3, 7, 19
What are the prime factors of 22269?
3, 13, 571
List the prime factors of 36574.
2, 18287
What are the prime factors of 40016?
2, 41, 61
What are the prime factors of 103375?
5, 827
List the prime factors of 11321.
11321
List the prime factors of 1626.
2, 3, 271
List the prime factors of 13493.
103, 131
What are the prime factors of 15290?
2, 5, 11, 139
List the prime factors of 163.
163
List the prime factors of 6626.
2, 3313
What are the prime factors of 3559?
3559
What are the prime factors of 517?
11, 47
What are the prime factors of 1548?
2, 3, 43
List the prime factors of 15591.
3, 5197
What are the prime factors of 6642?
2, 3, 41
What are the prime factors of 55356?
2, 3, 7, 659
List the prime factors of 54122.
2, 27061
What are the prime factors of 792?
2, 3, 11
What are the prime factors of 25985?
5, 5197
List the prime factors of 101082.
2, 3, 17, 991
List the prime factors of 3296.
2, 103
List the prime factors of 7720.
2, 5, 193
List the prime factors of 13638.
2, 3, 2273
List the prime factors of 20575.
5, 823
List the prime factors of 10259.
10259
List the prime factors of 2606.
2, 1303
List the prime factors of 1643.
31, 53
List the prime factors of 11400.
2, 3, 5, 19
What are the prime factors of 1723?
1723
List the prime factors of 397.
397
What are the prime factors of 446?
2, 223
What are the prime factors of 1466?
2, 733
What are the prime factors of 1431?
3, 53
What are the prime factors of 34215?
3, 5, 2281
List the prime fa